rue
Is 106 a factor of 1639?
False
Does 238 divide 46648?
True
Is 84 a factor of 15421?
False
Does 23 divide 115?
True
Is 12 a factor of 2749?
False
Does 102 divide 8356?
False
Does 67 divide 4422?
True
Is 18032 a multiple of 14?
True
Does 22 divide 7807?
False
Does 52 divide 17170?
False
Does 9 divide 858?
False
Is 810 a multiple of 15?
True
Does 40 divide 81680?
True
Does 9 divide 20241?
True
Does 72 divide 2138?
False
Is 19 a factor of 1368?
True
Does 151 divide 5587?
True
Is 4254 a multiple of 50?
False
Is 81 a factor of 3567?
False
Is 8 a factor of 13654?
False
Is 135 a multiple of 27?
True
Does 17 divide 11833?
False
Is 279 a multiple of 31?
True
Is 3914 a multiple of 103?
True
Is 14 a factor of 656?
False
Does 24 divide 3528?
True
Is 15471 a multiple of 191?
True
Does 162 divide 9396?
True
Is 14 a factor of 2870?
True
Does 52 divide 3848?
True
Does 5 divide 3932?
False
Is 3916 a multiple of 11?
True
Does 36 divide 108?
True
Is 52 a factor of 7384?
True
Is 52 a factor of 2722?
False
Is 132 a factor of 8976?
True
Is 665 a multiple of 14?
False
Is 33 a factor of 1287?
True
Does 19 divide 8529?
False
Is 9831 a multiple of 82?
False
Is 30 a factor of 11940?
True
Is 17 a factor of 6118?
False
Does 12 divide 1644?
True
Is 83 a factor of 3735?
True
Does 26 divide 835?
False
Does 61 divide 1610?
False
Is 11086 a multiple of 137?
False
Is 13 a factor of 16302?
True
Is 40 a factor of 120?
True
Is 8 a factor of 2672?
True
Is 14 a factor of 854?
True
Is 3918 a multiple of 2?
True
Is 34 a factor of 12363?
False
Is 22 a factor of 523?
False
Is 34 a factor of 22848?
True
Is 100 a factor of 4296?
False
Is 18 a factor of 2136?
False
Does 14 divide 34146?
True
Does 17 divide 579?
False
Is 58 a factor of 3520?
False
Is 426 a multiple of 6?
True
Is 350 a multiple of 14?
True
Does 23 divide 29946?
True
Does 15 divide 5535?
True
Does 264 divide 10824?
True
Does 6 divide 2220?
True
Is 19656 a multiple of 117?
True
Is 57 a factor of 39534?
False
Is 18586 a multiple of 32?
False
Does 10 divide 105?
False
Does 35 divide 5845?
True
Is 23 a factor of 41697?
False
Is 21135 a multiple of 14?
False
Is 11 a factor of 33897?
False
Does 14 divide 4918?
False
Does 3 divide 67?
False
Is 5379 a multiple of 22?
False
Does 12 divide 4656?
True
Is 177 a factor of 11728?
False
Does 8 divide 232?
True
Does 146 divide 3603?
False
Is 53 a factor of 9858?
True
Does 33 divide 3894?
True
Is 23540 a multiple of 44?
True
Is 441 a multiple of 7?
True
Is 28 a factor of 672?
True
Is 4622 a multiple of 3?
False
Is 1394 a multiple of 82?
True
Does 7 divide 2883?
False
Is 30 a factor of 6750?
True
Is 34727 a multiple of 121?
True
Is 17927 a multiple of 38?
False
Is 106 a factor of 21111?
False
Is 158 a factor of 9006?
True
Is 26 a factor of 103402?
True
Is 8754 a multiple of 10?
False
Does 43 divide 215?
True
Is 17780 a multiple of 209?
False
Is 308 a multiple of 11?
True
Is 78 a factor of 4924?
False
Is 2475 a multiple of 25?
True
Is 27755 a multiple of 61?
True
Is 6 a factor of 5624?
False
Is 20 a factor of 12622?
False
Is 39 a factor of 2145?
True
Does 68 divide 1360?
True
Is 10 a factor of 2414?
False
Is 6188 a multiple of 17?
True
Does 19 divide 1653?
True
Does 10 divide 430?
True
Does 18 divide 1459?
False
Is 34 a factor of 13027?
False
Is 40 a factor of 240?
True
Is 34 a factor of 3443?
False
Does 16 divide 15968?
True
Does 11 divide 17424?
True
Does 149 divide 57812?
True
Does 29 divide 4205?
True
Is 48 a factor of 2871?
False
Is 1058 a multiple of 6?
False
Is 79 a factor of 24014?
False
Is 13 a factor of 372?
False
Is 28 a factor of 2632?
True
Is 114 a factor of 3608?
False
Is 13 a factor of 32108?
False
Does 9 divide 25110?
True
Is 39 a factor of 10687?
False
Does 37 divide 1061?
False
Is 25 a factor of 71879?
False
Does 36 divide 25164?
True
Is 68 a factor of 1342?
False
Does 35 divide 665?
True
Is 119 a factor of 2712?
False
Does 42 divide 1344?
True
Is 197 a factor of 4658?
False
Does 50 divide 5634?
False
Is 105 a multiple of 2?
False
Is 85 a factor of 1351?
False
Is 7498 a multiple of 163?
True
Is 4314 a multiple of 5?
False
Is 12 a factor of 15768?
True
Is 6160 a multiple of 3?
False
Does 16 divide 1520?
True
Is 26 a factor of 31583?
False
Does 23 divide 2093?
True
Is 12 a factor of 29446?
False
Is 149 a factor of 5662?
True
Is 2322 a multiple of 43?
True
Does 38 divide 32630?
False
Does 67 divide 3953?
True
Is 31 a factor of 198?
False
Is 3 a factor of 126?
True
Is 32484 a multiple of 126?
False
Is 4 a factor of 408?
True
Is 26 a factor of 1664?
True
Is 10367 a multiple of 56?
False
Is 10 a factor of 25750?
True
Does 2 divide 2398?
True
Is 69 a multiple of 10?
False
Does 12 divide 1668?
True
Is 112 a factor of 19040?
True
Is 170 a factor of 36693?
False
Does 16 divide 357?
False
Is 82 a factor of 984?
True
Does 14 divide 1301?
False
Does 10 divide 7450?
True
Is 59015 a multiple of 29?
True
Is 714 a multiple of 3?
True
Is 13600 a multiple of 50?
True
Is 72 a factor of 384?
False
Is 41 a factor of 2583?
True
Is 9 a factor of 98926?
False
Is 4208 a multiple of 28?
False
Does 11 divide 15242?
False
Does 34 divide 6970?
True
Is 1430 a multiple of 13?
True
Is 106 a multiple of 20?
False
Does 3 divide 3039?
True
Does 12 divide 50930?
False
Is 53 a factor of 2862?
True
Is 17 a factor of 1921?
True
Is 45 a factor of 6184?
False
Is 478 a multiple of 15?
False
Is 11 a factor of 786?
False
Is 620 a multiple of 10?
True
Does 18 divide 538?
False
Is 61 a factor of 4697?
True
Is 172 a factor of 1720?
True
Is 1978 a multiple of 6?
False
Is 868 a multiple of 31?
True
Is 48 a factor of 943?
False
Is 66834 a multiple of 94?
True
Does 11 divide 5115?
True
Is 210 a multiple of 21?
True
Does 64 divide 3200?
True
Is 10230 a multiple of 16?
False
Is 30344 a multiple of 12?
False
Does 2 divide 150?
True
Does 15 divide 4781?
False
Does 8 divide 4600?
True
Is 43 a factor of 45227?
False
Does 114 divide 2166?
True
Is 26 a factor of 364?
True
Is 7 a factor of 13055?
True
Is 381 even?
False
Is 37 a factor of 665?
False
Does 44 divide 7327?
False
Is 26 a factor of 375?
False
Does 10 divide 1214?
False
Does 70 divide 4900?
True
Is 96 a factor of 2112?
True
Is 321 a multiple of 10?
False
Is 23220 a multiple of 172?
True
Is 10026 a multiple of 9?
True
Does 15 divide 420?
True
Is 58 a factor of 12222?
False
Is 18 a factor of 912?
False
Does 26 divide 26?
True
Does 58 divide 20743?
False
Does 9 divide 477?
True
Is 1820 a multiple of 20?
True
Is 5 a factor of 6625?
True
Does 118 divide 49206?
True
Is 5670 a multiple of 54?
True
Is 7 a factor of 602?
True
Is 1751 a multiple of 56?
False
Does 8 divide 526?
False
Is 12 a factor of 468?
True
Is 180 a multiple of 3?
True
Is 8382 a multiple of 66?
True
Is 4769 a multiple of 51?
False
Does 14 divide 16628?
False
Is 15435 a multiple of 73?
False
Does 14 divide 7406?
True
Does 36 divide 534?
False
Is 11 a factor of 672?
False
Is 6350 a multiple of 46?
False
Does 13 divide 3588?
True
Is 15 a factor of 508?
False
Is 3 a factor of 27646?
False
Is 84896 a multiple of 8?
True
Is 5795 a multiple of 19?
True
Is 23 a factor of 4364?
False
Is 59 a factor of 413?
True
Does 9 divide 5354?
False
Does 20 divide 395?
False
Is 61 a factor of 435?
False
Does 17 divide 1428?
True
Does 41 divide 82?
True
Is 22 a factor of 96045?
False
Is 257 a factor of 23372?
False
Is 44 a factor of 3967?
False
Is 10 a factor of 8327?
False
Is 478 a multiple of 239?
True
Is 156 a multiple of 6?
True
Is 34 a factor of 420?
False
Is 2543 a multiple of 3?
False
Does 9 divide 243?
True
Is 2700 a multiple of 12?
True
Is 5 a factor of 851?
False
Is 28 a factor of 1481?
False
Is 1633 a multiple of 55?
False
Is 15 a factor of 1995?
True
Does 24 divide 3912?
True
Does 19 divide 3230?
True
Is 31 a factor of 718?
False
Is 32870 a multiple of 95?
True
Is 15 a factor of 1740?
True
Is 40006 a multiple of 241?
True
Is 36 a factor of 1512?
True
Is 6 a factor of 3201?
False
Is 6915 a multiple of 15?
True
Does 113 divide 1130?
True
Is 2 a factor of 690?
True
Does 95 divide 2280?
True
Is 6839 a multiple of 7?
True
Is 137 a factor of 3699?
True
Is 588 a multiple of 16?
False
Does 16 divide 8768?
True
Is 91104 a multiple of 219?
True
Is 15966 a multiple of 6?
True
Does 39 divide 667?
False
Is 328 a multiple of 8?
True
